{"id":96,"date":"2017-04-20T19:52:56","date_gmt":"2017-04-20T19:52:56","guid":{"rendered":"http:\/\/judoskpmost.cz\/?page_id=96"},"modified":"2025-05-06T16:29:46","modified_gmt":"2025-05-06T16:29:46","slug":"vekove-kategorie","status":"publish","type":"page","link":"https:\/\/judoskpmost.cz\/?page_id=96","title":{"rendered":"V\u011bkov\u00e9 kategorie"},"content":{"rendered":"<p>Pro rok 2025:<\/p>\n<p>U8 (ml\u00e1\u010fata) &#8211; rok narozen\u00ed: 2018<\/p>\n<p>U10 (ml\u00e1\u010fata) &#8211; rok narozen\u00ed: 2016 &#8211; 2017<\/p>\n<p>U12 (mlad\u0161\u00ed \u017eactvo) &#8211; rok narozen\u00ed: 2014 &#8211; 2015<\/p>\n<p>U14 (star\u0161\u00ed \u017eactvo) &#8211; rok narozen\u00ed: 2012 &#8211; 2013<\/p>\n<p>U16 (mlad\u0161\u00ed dorost) &#8211; rok narozen\u00ed 2010 &#8211; 2011<\/p>\n<p>U18 (dorostenci) &#8211; rok narozen\u00ed: 2008 &#8211; 2009<\/p>\n<p>U21 (junio\u0159i) &#8211; rok narozen\u00ed: 2006 \u2013 2007<\/p>\n<p>Senio\u0159i &#8211; 2005 a star\u0161\u00ed<\/p>\n","protected":false},"excerpt":{"rendered":"<p>Pro rok 2025: U8 (ml\u00e1\u010fata) &#8211; rok narozen\u00ed: 2018 U10 (ml\u00e1\u010fata) &#8211; rok narozen\u00ed: 2016 &#8211; 2017 U12 (mlad\u0161\u00ed \u017eactvo) &#8211; rok narozen\u00ed: 2014 &#8211; 2015 U14 (star\u0161\u00ed \u017eactvo) &#8211; rok narozen\u00ed: 2012 &#8211; 2013 U16 (mlad\u0161\u00ed dorost) &#8211; rok narozen\u00ed 2010 &#8211; 2011 U18 (dorostenci) &#8211; rok narozen\u00ed: 2008 &#8211; 2009 U21 (junio\u0159i) &#8211; &hellip; <\/p>\n<p class=\"read-more\"><a class=\"btn btn-default\" href=\"https:\/\/judoskpmost.cz\/?page_id=96\"> Read More<span class=\"screen-reader-text\">  Read More<\/span><\/a><\/p>\n","protected":false},"author":1,"featured_media":0,"parent":0,"menu_order":0,"comment_status":"closed","ping_status":"closed","template":"","meta":{"footnotes":""},"class_list":["post-96","page","type-page","status-publish","hentry"],"_links":{"self":[{"href":"https:\/\/judoskpmost.cz\/index.php?rest_route=\/wp\/v2\/pages\/96","targetHints":{"allow":["GET"]}}],"collection":[{"href":"https:\/\/judoskpmost.cz\/index.php?rest_route=\/wp\/v2\/pages"}],"about":[{"href":"https:\/\/judoskpmost.cz\/index.php?rest_route=\/wp\/v2\/types\/page"}],"author":[{"embeddable":true,"href":"https:\/\/judoskpmost.cz\/index.php?rest_route=\/wp\/v2\/users\/1"}],"replies":[{"embeddable":true,"href":"https:\/\/judoskpmost.cz\/index.php?rest_route=%2Fwp%2Fv2%2Fcomments&post=96"}],"version-history":[{"count":12,"href":"https:\/\/judoskpmost.cz\/index.php?rest_route=\/wp\/v2\/pages\/96\/revisions"}],"predecessor-version":[{"id":804,"href":"https:\/\/judoskpmost.cz\/index.php?rest_route=\/wp\/v2\/pages\/96\/revisions\/804"}],"wp:attachment":[{"href":"https:\/\/judoskpmost.cz\/index.php?rest_route=%2Fwp%2Fv2%2Fmedia&parent=96"}],"curies":[{"name":"wp","href":"https:\/\/api.w.org\/{rel}","templated":true}]}}